{"id":141,"date":"2018-01-04T13:08:15","date_gmt":"2018-01-04T13:08:15","guid":{"rendered":"http:\/\/bridge126.qodeinteractive.com\/?page_id=141"},"modified":"2023-12-05T15:15:27","modified_gmt":"2023-12-05T14:15:27","slug":"histoire-brasserie","status":"publish","type":"page","link":"https:\/\/labarjo.com\/index.php\/histoire-brasserie\/","title":{"rendered":"L&rsquo;histoire"},"content":{"rendered":"<section class=\"wpb-content-wrapper\"><p>[vc_row css_animation=\u00a0\u00bb\u00a0\u00bb row_type=\u00a0\u00bbrow\u00a0\u00bb use_row_as_full_screen_section=\u00a0\u00bbno\u00a0\u00bb type=\u00a0\u00bbgrid\u00a0\u00bb angled_section=\u00a0\u00bbno\u00a0\u00bb text_align=\u00a0\u00bbleft\u00a0\u00bb background_image_as_pattern=\u00a0\u00bbwithout_pattern\u00a0\u00bb padding_top=\u00a0\u00bb135&Prime; z_index=\u00a0\u00bb2&Prime; css=\u00a0\u00bb.vc_custom_1515747902751{background-position: center !important;background-repeat: no-repeat !important;background-size: cover !important;}\u00a0\u00bb][vc_column css=\u00a0\u00bb.vc_custom_1515073615680{margin-bottom: -5% !important;}\u00a0\u00bb][qode_elements_holder number_of_columns=\u00a0\u00bbtwo_columns\u00a0\u00bb][qode_elements_holder_item advanced_animations=\u00a0\u00bbno\u00a0\u00bb][vc_column_text]<\/p>\n<h4>L&rsquo;histoire<\/h4>\n<p>[\/vc_column_text][vc_column_text]Les b\u00e2timents initiaux du 18e si\u00e8cle sont agricoles (grange et \u00e9tables), la premi\u00e8re brasserie date de 1821 (actuellement surmont\u00e9e de son fumoir et sa girouette). L&rsquo;essor industriel a permis \u00e0 l&rsquo;une des g\u00e9n\u00e9rations de la famille Mochez de d\u00e9velopper l&rsquo;activit\u00e9 \u00e9conomique et de construire une malterie plus vaste en 1880. Cette m\u00eame g\u00e9n\u00e9ration repr\u00e9sentative de la bourgeoisie montante a fait construire la maison de maitre (avec moulures, fresques, fa\u00efences) vers 1890 ainsi qu&rsquo;une \u00e9curie prestigieuse pour des chevaux de course en 1903. Suite \u00e0 la 1e Guerre Mondiale et les dommages de guerre, une nouvelle brasserie plus grande est reconstruite en 1920.<\/p>\n<p>[\/vc_column_text][\/qode_elements_holder_item][qode_elements_holder_item advanced_animations=\u00a0\u00bbno\u00a0\u00bb]<div class='image_hover ' style='' data-transition-delay=''><div class='images_holder'><img itemprop='image' class='' src='https:\/\/labarjo.com\/wp-content\/uploads\/2023\/08\/visuel-histoire-2.jpg' alt='' style='' \/><img itemprop='image' class='hover_image' src='' alt='' style='' \/><\/div><\/div>[\/qode_elements_holder_item][\/qode_elements_holder][\/vc_column][\/vc_row][vc_row css_animation=\u00a0\u00bb\u00a0\u00bb row_type=\u00a0\u00bbrow\u00a0\u00bb use_row_as_full_screen_section=\u00a0\u00bbno\u00a0\u00bb type=\u00a0\u00bbgrid\u00a0\u00bb angled_section=\u00a0\u00bbno\u00a0\u00bb text_align=\u00a0\u00bbleft\u00a0\u00bb background_image_as_pattern=\u00a0\u00bbwithout_pattern\u00a0\u00bb padding_top=\u00a0\u00bb85&Prime; z_index=\u00a0\u00bb2&Prime; css=\u00a0\u00bb.vc_custom_1692110372765{background-position: center !important;background-repeat: no-repeat !important;background-size: cover !important;}\u00a0\u00bb][vc_column css=\u00a0\u00bb.vc_custom_1515073615680{margin-bottom: -5% !important;}\u00a0\u00bb][qode_elements_holder number_of_columns=\u00a0\u00bbtwo_columns\u00a0\u00bb][qode_elements_holder_item advanced_animations=\u00a0\u00bbno\u00a0\u00bb item_padding=\u00a0\u00bb0px 15% 16px 13px\u00a0\u00bb item_padding_1024_1280=\u00a0\u00bb0px 15% 16px 30px\u00a0\u00bb item_padding_768_1024=\u00a0\u00bb98px 0% 16px 30px\u00a0\u00bb item_padding_600_768=\u00a0\u00bb50px 15% 16px 0px\u00a0\u00bb item_padding_480_600=\u00a0\u00bb50px 1% 16px 0px\u00a0\u00bb item_padding_480=\u00a0\u00bb50px 1% 16px 0px\u00a0\u00bb][vc_column_text]La brasserie Mochez a \u00e9t\u00e9 effective jusqu&rsquo;en 1940 et n&rsquo;a plus eu de vocation artisanale ou industrielle, et est laiss\u00e9e peu \u00e0 peu \u00e0 l&rsquo;abandon. Le dernier propri\u00e9taire de la famille, aujourd&rsquo;hui \u00e9tein- te, est d\u00e9c\u00e9d\u00e9 il y a une dizaine d&rsquo;ann\u00e9es laissant le site se d\u00e9grader<\/p>\n<p>[\/vc_column_text][vc_empty_space][\/qode_elements_holder_item][\/qode_elements_holder][vc_empty_space height=\u00a0\u00bb115px\u00a0\u00bb][\/vc_column][\/vc_row][vc_row css_animation=\u00a0\u00bb\u00a0\u00bb row_type=\u00a0\u00bbrow\u00a0\u00bb use_row_as_full_screen_section=\u00a0\u00bbno\u00a0\u00bb type=\u00a0\u00bbgrid\u00a0\u00bb angled_section=\u00a0\u00bbno\u00a0\u00bb text_align=\u00a0\u00bbcenter\u00a0\u00bb background_image_as_pattern=\u00a0\u00bbwithout_pattern\u00a0\u00bb padding_top=\u00a0\u00bb20&Prime; padding_bottom=\u00a0\u00bb20&Prime; z_index=\u00a0\u00bb1&Prime; css=\u00a0\u00bb.vc_custom_1692107808557{background-image: url(http:\/\/labarjo.com\/wp-content\/uploads\/2023\/08\/visuel-histoire.jpg?id=424) !important;}\u00a0\u00bb][vc_column][qode_elements_holder number_of_columns=\u00a0\u00bbone_column\u00a0\u00bb][qode_elements_holder_item advanced_animations=\u00a0\u00bbno\u00a0\u00bb item_padding=\u00a0\u00bb6% 0% 11% 51%\u00a0\u00bb item_padding_480_600=\u00a0\u00bb12% 0% 20% 0%\u00a0\u00bb item_padding_480=\u00a0\u00bb12% 0% 20% 0%\u00a0\u00bb][vc_empty_space height=\u00a0\u00bb450px\u00a0\u00bb][\/qode_elements_holder_item][\/qode_elements_holder][\/vc_column][\/vc_row][vc_row css_animation=\u00a0\u00bb\u00a0\u00bb row_type=\u00a0\u00bbrow\u00a0\u00bb use_row_as_full_screen_section=\u00a0\u00bbno\u00a0\u00bb type=\u00a0\u00bbgrid\u00a0\u00bb angled_section=\u00a0\u00bbno\u00a0\u00bb text_align=\u00a0\u00bbleft\u00a0\u00bb background_image_as_pattern=\u00a0\u00bbwithout_pattern\u00a0\u00bb padding_top=\u00a0\u00bb149&Prime; padding_bottom=\u00a0\u00bb204&Prime; z_index=\u00a0\u00bb2&Prime; css=\u00a0\u00bb.vc_custom_1692111888457{background-image: url(http:\/\/labarjo.com\/wp-content\/uploads\/2023\/08\/visuel-histoire-3.jpg?id=446) !important;background-position: center !important;background-repeat: no-repeat !important;background-size: cover !important;}\u00a0\u00bb][vc_column css=\u00a0\u00bb.vc_custom_1515073615680{margin-bottom: -5% !important;}\u00a0\u00bb][qode_elements_holder number_of_columns=\u00a0\u00bbtwo_columns\u00a0\u00bb][qode_elements_holder_item advanced_animations=\u00a0\u00bbno\u00a0\u00bb item_padding=\u00a0\u00bb0px 2% 16px 106px\u00a0\u00bb item_padding_1024_1280=\u00a0\u00bb21px 2% 16px 49px\u00a0\u00bb item_padding_768_1024=\u00a0\u00bb49px 2% 16px 0px\u00a0\u00bb item_padding_480_600=\u00a0\u00bb0px 2% 16px 0px\u00a0\u00bb item_padding_480=\u00a0\u00bb0px 2% 16px 0px\u00a0\u00bb][vc_separator type=\u00a0\u00bbtransparent\u00a0\u00bb up=\u00a0\u00bb-33&Prime;][vc_column_text]<\/p>\n<h4>La r\u00e9novation<\/h4>\n<p>[\/vc_column_text][vc_empty_space height=\u00a0\u00bb24px\u00a0\u00bb][vc_column_text]Vou\u00e9 \u00e0 la d\u00e9molition il y a 3 ans, le site a pu \u00eatre rachet\u00e9 \u00e0 la mairie en vue de projet associatif qui a d\u00e9but\u00e9 par la r\u00e9novation de la maison de ma\u00eetre, devenue un habitat partag\u00e9 s\u00e9nior \u00e0 vis\u00e9e sociale. 7 personnes cohabitent ainsi et ont trouv\u00e9 une alternative \u00e0 l&rsquo;EHPAD gr\u00e2ce \u00e0 l&rsquo;implantation de Watt&rsquo;home. La grange, r\u00e9nov\u00e9e en partie est devenue une maison d&rsquo;habitation \u00e0 loyer mod\u00e9r\u00e9.<\/p>\n<p>Depuis 2019 ont ainsi pu \u00eatre r\u00e9nov\u00e9s les toitures et ma\u00e7onneries de l&rsquo;ancienne grange, des \u00e9tables et \u00e9curie.[\/vc_column_text][vc_empty_space height=\u00a0\u00bb31px\u00a0\u00bb][vc_column_text]La volont\u00e9 de l&rsquo;association est de r\u00e9nover tous ces batiments qui permettent de t\u00e9moigner de l&rsquo;histoire architecturale et patrimoniale tout en devenant des lieux de vie conviviaux et \u00e9conomiquement viables. Loin d&rsquo;\u00eatre fige\u00e9 dans le pass\u00e9, le patrimoine r\u00e9nov\u00e9 trouve au fur et \u00e0 mesure sa nouvelle vocation en tant que tiers lieu socio culturel. Des efforts sont n\u00e9cessaires pour sauver l&rsquo;ensemble du site, ainsi le m\u00e9c\u00e9nat est l&rsquo;un des leviers qui permettra l&rsquo;am\u00e9nagement complet et cr\u00e9er des emplois.[\/vc_column_text][vc_empty_space height=\u00a0\u00bb31px\u00a0\u00bb][\/qode_elements_holder_item][\/qode_elements_holder][\/vc_column][\/vc_row]<\/p>\n<\/section>","protected":false},"excerpt":{"rendered":"<p>[vc_row css_animation=\u00a0\u00bb\u00a0\u00bb row_type=\u00a0\u00bbrow\u00a0\u00bb use_row_as_full_screen_section=\u00a0\u00bbno\u00a0\u00bb type=\u00a0\u00bbgrid\u00a0\u00bb angled_section=\u00a0\u00bbno\u00a0\u00bb text_align=\u00a0\u00bbleft\u00a0\u00bb background_image_as_pattern=\u00a0\u00bbwithout_pattern\u00a0\u00bb padding_top=\u00a0\u00bb135&Prime; z_index=\u00a0\u00bb2&Prime; css=\u00a0\u00bb.vc_custom_1515747902751{background-position: center !important;background-repeat: no-repeat !important;background-size: cover !important;}\u00a0\u00bb][vc_column css=\u00a0\u00bb.vc_custom_1515073615680{margin-bottom: -5% !important;}\u00a0\u00bb][qode_elements_holder number_of_columns=\u00a0\u00bbtwo_columns\u00a0\u00bb][qode_elements_holder_item advanced_animations=\u00a0\u00bbno\u00a0\u00bb][vc_column_text] L&rsquo;histoire [\/vc_column_text][vc_column_text]Les b\u00e2timents initiaux du 18e si\u00e8cle sont agricoles (grange et \u00e9tables), la premi\u00e8re brasserie date de 1821 (actuellement surmont\u00e9e de son fumoir&#8230;<\/p>\n","protected":false},"author":1,"featured_media":0,"parent":0,"menu_order":0,"comment_status":"closed","ping_status":"closed","template":"full_width.php","meta":{"_monsterinsights_skip_tracking":false,"_monsterinsights_sitenote_active":false,"_monsterinsights_sitenote_note":"","_monsterinsights_sitenote_category":0,"footnotes":""},"class_list":["post-141","page","type-page","status-publish","hentry"],"acf":[],"_links":{"self":[{"href":"https:\/\/labarjo.com\/index.php\/wp-json\/wp\/v2\/pages\/141","targetHints":{"allow":["GET"]}}],"collection":[{"href":"https:\/\/labarjo.com\/index.php\/wp-json\/wp\/v2\/pages"}],"about":[{"href":"https:\/\/labarjo.com\/index.php\/wp-json\/wp\/v2\/types\/page"}],"author":[{"embeddable":true,"href":"https:\/\/labarjo.com\/index.php\/wp-json\/wp\/v2\/users\/1"}],"replies":[{"embeddable":true,"href":"https:\/\/labarjo.com\/index.php\/wp-json\/wp\/v2\/comments?post=141"}],"version-history":[{"count":42,"href":"https:\/\/labarjo.com\/index.php\/wp-json\/wp\/v2\/pages\/141\/revisions"}],"predecessor-version":[{"id":678,"href":"https:\/\/labarjo.com\/index.php\/wp-json\/wp\/v2\/pages\/141\/revisions\/678"}],"wp:attachment":[{"href":"https:\/\/labarjo.com\/index.php\/wp-json\/wp\/v2\/media?parent=141"}],"curies":[{"name":"wp","href":"https:\/\/api.w.org\/{rel}","templated":true}]}}

<section class="wpb-content-wrapper"><p>[vc_row css_animation= » » row_type= »row » use_row_as_full_screen_section= »no » type= »grid » angled_section= »no » text_align= »left » background_image_as_pattern= »without_pattern » padding_top= »135&Prime; z_index= »2&Prime; css= ».vc_custom_1515747902751{background-position: center !important;background-repeat: no-repeat !important;background-size: cover !important;} »][vc_column css= ».vc_custom_1515073615680{margin-bottom: -5% !important;} »][qode_elements_holder number_of_columns= »two_columns »][qode_elements_holder_item advanced_animations= »no »][vc_column_text]</p>
<h4>L&rsquo;histoire</h4>
<p>[/vc_column_text][vc_column_text]Les bâtiments initiaux du 18e siècle sont agricoles (grange et étables), la première brasserie date de 1821 (actuellement surmontée de son fumoir et sa girouette). L&rsquo;essor industriel a permis à l&rsquo;une des générations de la famille Mochez de développer l&rsquo;activité économique et de construire une malterie plus vaste en 1880. Cette même génération représentative de la bourgeoisie montante a fait construire la maison de maitre (avec moulures, fresques, faïences) vers 1890 ainsi qu&rsquo;une écurie prestigieuse pour des chevaux de course en 1903. Suite à la 1e Guerre Mondiale et les dommages de guerre, une nouvelle brasserie plus grande est reconstruite en 1920.</p>
<p>[/vc_column_text][/qode_elements_holder_item][qode_elements_holder_item advanced_animations= »no »]<div class='image_hover ' style='' data-transition-delay=''><div class='images_holder'><img itemprop='image' class='' src='https://labarjo.com/wp-content/uploads/2023/08/visuel-histoire-2.jpg' alt='' style='' /><img itemprop='image' class='hover_image' src='' alt='' style='' /></div></div>[/qode_elements_holder_item][/qode_elements_holder][/vc_column][/vc_row][vc_row css_animation= » » row_type= »row » use_row_as_full_screen_section= »no » type= »grid » angled_section= »no » text_align= »left » background_image_as_pattern= »without_pattern » padding_top= »85&Prime; z_index= »2&Prime; css= ».vc_custom_1692110372765{background-position: center !important;background-repeat: no-repeat !important;background-size: cover !important;} »][vc_column css= ».vc_custom_1515073615680{margin-bottom: -5% !important;} »][qode_elements_holder number_of_columns= »two_columns »][qode_elements_holder_item advanced_animations= »no » item_padding= »0px 15% 16px 13px » item_padding_1024_1280= »0px 15% 16px 30px » item_padding_768_1024= »98px 0% 16px 30px » item_padding_600_768= »50px 15% 16px 0px » item_padding_480_600= »50px 1% 16px 0px » item_padding_480= »50px 1% 16px 0px »][vc_column_text]La brasserie Mochez a été effective jusqu&rsquo;en 1940 et n&rsquo;a plus eu de vocation artisanale ou industrielle, et est laissée peu à peu à l&rsquo;abandon. Le dernier propriétaire de la famille, aujourd&rsquo;hui étein- te, est décédé il y a une dizaine d&rsquo;années laissant le site se dégrader</p>
<p>[/vc_column_text][vc_empty_space][/qode_elements_holder_item][/qode_elements_holder][vc_empty_space height= »115px »][/vc_column][/vc_row][vc_row css_animation= » » row_type= »row » use_row_as_full_screen_section= »no » type= »grid » angled_section= »no » text_align= »center » background_image_as_pattern= »without_pattern » padding_top= »20&Prime; padding_bottom= »20&Prime; z_index= »1&Prime; css= ».vc_custom_1692107808557{background-image: url(http://labarjo.com/wp-content/uploads/2023/08/visuel-histoire.jpg?id=424) !important;} »][vc_column][qode_elements_holder number_of_columns= »one_column »][qode_elements_holder_item advanced_animations= »no » item_padding= »6% 0% 11% 51% » item_padding_480_600= »12% 0% 20% 0% » item_padding_480= »12% 0% 20% 0% »][vc_empty_space height= »450px »][/qode_elements_holder_item][/qode_elements_holder][/vc_column][/vc_row][vc_row css_animation= » » row_type= »row » use_row_as_full_screen_section= »no » type= »grid » angled_section= »no » text_align= »left » background_image_as_pattern= »without_pattern » padding_top= »149&Prime; padding_bottom= »204&Prime; z_index= »2&Prime; css= ».vc_custom_1692111888457{background-image: url(http://labarjo.com/wp-content/uploads/2023/08/visuel-histoire-3.jpg?id=446) !important;background-position: center !important;background-repeat: no-repeat !important;background-size: cover !important;} »][vc_column css= ».vc_custom_1515073615680{margin-bottom: -5% !important;} »][qode_elements_holder number_of_columns= »two_columns »][qode_elements_holder_item advanced_animations= »no » item_padding= »0px 2% 16px 106px » item_padding_1024_1280= »21px 2% 16px 49px » item_padding_768_1024= »49px 2% 16px 0px » item_padding_480_600= »0px 2% 16px 0px » item_padding_480= »0px 2% 16px 0px »][vc_separator type= »transparent » up= »-33&Prime;][vc_column_text]</p>
<h4>La rénovation</h4>
<p>[/vc_column_text][vc_empty_space height= »24px »][vc_column_text]Voué à la démolition il y a 3 ans, le site a pu être racheté à la mairie en vue de projet associatif qui a débuté par la rénovation de la maison de maître, devenue un habitat partagé sénior à visée sociale. 7 personnes cohabitent ainsi et ont trouvé une alternative à l&rsquo;EHPAD grâce à l&rsquo;implantation de Watt&rsquo;home. La grange, rénovée en partie est devenue une maison d&rsquo;habitation à loyer modéré.</p>
<p>Depuis 2019 ont ainsi pu être rénovés les toitures et maçonneries de l&rsquo;ancienne grange, des étables et écurie.[/vc_column_text][vc_empty_space height= »31px »][vc_column_text]La volonté de l&rsquo;association est de rénover tous ces batiments qui permettent de témoigner de l&rsquo;histoire architecturale et patrimoniale tout en devenant des lieux de vie conviviaux et économiquement viables. Loin d&rsquo;être figeé dans le passé, le patrimoine rénové trouve au fur et à mesure sa nouvelle vocation en tant que tiers lieu socio culturel. Des efforts sont nécessaires pour sauver l&rsquo;ensemble du site, ainsi le mécénat est l&rsquo;un des leviers qui permettra l&rsquo;aménagement complet et créer des emplois.[/vc_column_text][vc_empty_space height= »31px »][/qode_elements_holder_item][/qode_elements_holder][/vc_column][/vc_row]</p>
</section>

<p>[vc_row css_animation= » » row_type= »row » use_row_as_full_screen_section= »no » type= »grid » angled_section= »no » text_align= »left » background_image_as_pattern= »without_pattern » padding_top= »135&Prime; z_index= »2&Prime; css= ».vc_custom_1515747902751{background-position: center !important;background-repeat: no-repeat !important;background-size: cover !important;} »][vc_column css= ».vc_custom_1515073615680{margin-bottom: -5% !important;} »][qode_elements_holder number_of_columns= »two_columns »][qode_elements_holder_item advanced_animations= »no »][vc_column_text] L&rsquo;histoire [/vc_column_text][vc_column_text]Les bâtiments initiaux du 18e siècle sont agricoles (grange et étables), la première brasserie date de 1821 (actuellement surmontée de son fumoir&#8230;</p>
