{"id":503,"date":"2023-08-25T10:19:44","date_gmt":"2023-08-25T08:19:44","guid":{"rendered":"https:\/\/labarjo.com\/?page_id=503"},"modified":"2023-09-08T11:55:52","modified_gmt":"2023-09-08T09:55:52","slug":"qui-sommes-nous","status":"publish","type":"page","link":"https:\/\/labarjo.com\/index.php\/qui-sommes-nous\/","title":{"rendered":"Qu&rsquo;est ce que la Barjo ?"},"content":{"rendered":"<section class=\"wpb-content-wrapper\"><p>[vc_row css_animation=\u00a0\u00bb\u00a0\u00bb row_type=\u00a0\u00bbrow\u00a0\u00bb use_row_as_full_screen_section=\u00a0\u00bbno\u00a0\u00bb type=\u00a0\u00bbgrid\u00a0\u00bb angled_section=\u00a0\u00bbno\u00a0\u00bb text_align=\u00a0\u00bbleft\u00a0\u00bb background_image_as_pattern=\u00a0\u00bbwithout_pattern\u00a0\u00bb z_index=\u00a0\u00bb\u00a0\u00bb padding_top=\u00a0\u00bb135&Prime;][vc_column][qode_elements_holder number_of_columns=\u00a0\u00bbone_column\u00a0\u00bb][qode_elements_holder_item advanced_animations=\u00a0\u00bbno\u00a0\u00bb][vc_column_text]<\/p>\n<h4>Qu&rsquo;est ce que la Barjo ?<\/h4>\n<p>[\/vc_column_text][vc_column_text]<span style=\"font-weight: 400;\">La brasserie des arts joyeux est un tiers lieu culturel et d&rsquo;insertion situ\u00e9 \u00e0 Onnaing dans la m\u00e9tropole de Valenciennes. Elle s\u2019inscrit dans un projet de requalification et de revalorisation de l\u2019ancien site industriel et patrimonial de la brasserie Mochez ferm\u00e9e depuis 1940.<\/span><\/p>\n<p>&nbsp;<\/p>\n<p><span style=\"font-weight: 400;\">L\u2019association, cr\u00e9\u00e9e en 2015 sous le nom \u00ab L\u2019atelier de l\u2019oncle Zig Zag \u00bb, est \u00e0 vocation culturelle et p\u00e9dagogique (cours, expositions et cr\u00e9ations). Elle d\u00e9veloppe le projet de la Barjo qui vise \u00e0 consacrer la culture, et notamment la pratique artistique amateur, comme vecteur de redynamisation du territoire\u00a0:\u00a0<\/span><\/p>\n<p>&nbsp;<\/p>\n<p><span style=\"font-weight: 400;\">&#8211; accompagnement \u00e0 l&rsquo;estime de soi via la pratique artistique amateur<\/span><\/p>\n<p><span style=\"font-weight: 400;\">&#8211; professionnalisation des pratiques artistiques dans un parcours de r\u00e9insertion et de cr\u00e9ation de nouvelle activit\u00e9 professionnelle<\/span><\/p>\n<p><span style=\"font-weight: 400;\">&#8211; sensibilisation \u00e0 l&rsquo;art et \u00e0 la culture pour cr\u00e9er du lien social et faciliter une plus grande ouverture aux autres et \u00e0 la diversit\u00e9<\/span><\/p>\n<p><span style=\"font-weight: 400;\">&#8211; faciliter les rencontres et les \u00e9changes, susciter des entraides et des solidarit\u00e9s notamment autour d\u2019\u00e9v\u00e9nements \u00e0 la fois culturels, festifs,et conviviaux<\/span><\/p>\n<p><span style=\"font-weight: 400;\">&#8211; cr\u00e9ations de productions culturelles commercialisables ( spectacles, ?uvres telles que peintures, objets d&rsquo;artisanat etc \u2026)<\/span><\/p>\n<p><span style=\"font-weight: 400;\">&#8211; cr\u00e9ation d&#8217;emplois (\u00e0 terme 19 \u00e9quivalents temps plein).<\/span>[\/vc_column_text][\/qode_elements_holder_item][\/qode_elements_holder][\/vc_column][\/vc_row][vc_row css_animation=\u00a0\u00bb\u00a0\u00bb row_type=\u00a0\u00bbrow\u00a0\u00bb use_row_as_full_screen_section=\u00a0\u00bbno\u00a0\u00bb type=\u00a0\u00bbgrid\u00a0\u00bb angled_section=\u00a0\u00bbno\u00a0\u00bb text_align=\u00a0\u00bbleft\u00a0\u00bb background_image_as_pattern=\u00a0\u00bbwithout_pattern\u00a0\u00bb z_index=\u00a0\u00bb\u00a0\u00bb css=\u00a0\u00bb.vc_custom_1694166344043{padding-top: 50px !important;padding-bottom: 50px !important;}\u00a0\u00bb][vc_column][qode_elements_holder number_of_columns=\u00a0\u00bbtwo_columns\u00a0\u00bb][qode_elements_holder_item advanced_animations=\u00a0\u00bbno\u00a0\u00bb][vc_single_image image=\u00a0\u00bb662&Prime; img_size=\u00a0\u00bbfull\u00a0\u00bb qode_css_animation=\u00a0\u00bb\u00a0\u00bb css=\u00a0\u00bb.vc_custom_1694166738591{padding-top: 20px !important;padding-right: 60px !important;padding-bottom: 20px !important;padding-left: 20px !important;}\u00a0\u00bb][\/qode_elements_holder_item][qode_elements_holder_item advanced_animations=\u00a0\u00bbno\u00a0\u00bb][vc_column_text]<strong>Le site comprendra \u00e0 terme\u00a0:<\/strong><\/p>\n<p>&nbsp;<\/p>\n<ul>\n<li style=\"font-weight: 400;\" aria-level=\"1\"><span style=\"font-weight: 400;\">6 habitations \u00e0 vis\u00e9es sociales dont une collocation s\u00e9niors et une collocation jeunes artistes<\/span><\/li>\n<li style=\"font-weight: 400;\" aria-level=\"1\"><span style=\"font-weight: 400;\">2 espaces de cours\u00a0<\/span><\/li>\n<li style=\"font-weight: 400;\" aria-level=\"1\"><span style=\"font-weight: 400;\">10 box-ateliers de cr\u00e9ation artistique en coworking<\/span><\/li>\n<li style=\"font-weight: 400;\" aria-level=\"1\"><span style=\"font-weight: 400;\">un hall d\u2019exposition permanent, temporaire et d\u2019\u00e9v\u00e9nementiels\u00a0<\/span><\/li>\n<li style=\"font-weight: 400;\" aria-level=\"1\"><span style=\"font-weight: 400;\">un espace boutique pour les \u00e9l\u00e8ves des ateliers et les productions des cr\u00e9ateurs du co<\/span><span style=\"font-weight: 400;\"><br \/>\n<\/span><span style=\"font-weight: 400;\">working\u00a0<\/span><\/li>\n<li style=\"font-weight: 400;\" aria-level=\"1\"><span style=\"font-weight: 400;\">une micro brasserie\u00a0<\/span><\/li>\n<li style=\"font-weight: 400;\" aria-level=\"1\"><span style=\"font-weight: 400;\">un espace de d\u00e9veloppement personnel et d\u2019art th\u00e9rapie<\/span><\/li>\n<li style=\"font-weight: 400;\" aria-level=\"1\"><span style=\"font-weight: 400;\">une ressourcerie<\/span><\/li>\n<li style=\"font-weight: 400;\" aria-level=\"1\"><span style=\"font-weight: 400;\">un estaminet \u00e0 vocation d\u2019insertion pour des salari\u00e9s en situation de handicap\u00a0<\/span><\/li>\n<li style=\"font-weight: 400;\" aria-level=\"1\"><span style=\"font-weight: 400;\">3 ateliers-boutique d\u2019artiste\u00a0<\/span><\/li>\n<li style=\"font-weight: 400;\" aria-level=\"1\"><span style=\"font-weight: 400;\">un g\u00eete chambre d\u2019h\u00f4tes\u00a0<\/span><\/li>\n<li style=\"font-weight: 400;\" aria-level=\"1\"><span style=\"font-weight: 400;\">une salle de s\u00e9minaires et repr\u00e9sentations sc\u00e9niques<\/span><\/li>\n<\/ul>\n<p>[\/vc_column_text][\/qode_elements_holder_item][\/qode_elements_holder][\/vc_column][\/vc_row][vc_row css_animation=\u00a0\u00bb\u00a0\u00bb row_type=\u00a0\u00bbrow\u00a0\u00bb use_row_as_full_screen_section=\u00a0\u00bbno\u00a0\u00bb type=\u00a0\u00bbgrid\u00a0\u00bb angled_section=\u00a0\u00bbno\u00a0\u00bb text_align=\u00a0\u00bbleft\u00a0\u00bb background_image_as_pattern=\u00a0\u00bbwithout_pattern\u00a0\u00bb z_index=\u00a0\u00bb\u00a0\u00bb][vc_column][qode_elements_holder number_of_columns=\u00a0\u00bbone_column\u00a0\u00bb][qode_elements_holder_item advanced_animations=\u00a0\u00bbno\u00a0\u00bb][vc_column_text]<b>Le projet de la Barjo est soutenu par\u00a0:<\/b>[\/vc_column_text][\/qode_elements_holder_item][\/qode_elements_holder][qode_elements_holder number_of_columns=\u00a0\u00bbthree_columns\u00a0\u00bb][qode_elements_holder_item advanced_animations=\u00a0\u00bbno\u00a0\u00bb][vc_single_image image=\u00a0\u00bb653&Prime; qode_css_animation=\u00a0\u00bb\u00a0\u00bb][\/qode_elements_holder_item][qode_elements_holder_item advanced_animations=\u00a0\u00bbno\u00a0\u00bb][vc_single_image image=\u00a0\u00bb655&Prime; img_size=\u00a0\u00bb200&#215;63&Prime; qode_css_animation=\u00a0\u00bb\u00a0\u00bb][\/qode_elements_holder_item][qode_elements_holder_item advanced_animations=\u00a0\u00bbno\u00a0\u00bb][vc_single_image image=\u00a0\u00bb654&Prime; img_size=\u00a0\u00bb200&#215;105&Prime; qode_css_animation=\u00a0\u00bb\u00a0\u00bb][\/qode_elements_holder_item][\/qode_elements_holder][\/vc_column][\/vc_row][vc_row css_animation=\u00a0\u00bb\u00a0\u00bb row_type=\u00a0\u00bbrow\u00a0\u00bb use_row_as_full_screen_section=\u00a0\u00bbno\u00a0\u00bb type=\u00a0\u00bbgrid\u00a0\u00bb angled_section=\u00a0\u00bbno\u00a0\u00bb text_align=\u00a0\u00bbleft\u00a0\u00bb background_image_as_pattern=\u00a0\u00bbwithout_pattern\u00a0\u00bb z_index=\u00a0\u00bb\u00a0\u00bb css=\u00a0\u00bb.vc_custom_1694166949666{padding-top: 50px !important;padding-bottom: 100px !important;}\u00a0\u00bb][vc_column][qode_elements_holder number_of_columns=\u00a0\u00bbone_column\u00a0\u00bb][qode_elements_holder_item advanced_animations=\u00a0\u00bbno\u00a0\u00bb][vc_column_text]<b>Les membres du comit\u00e9 de pilotage sont\u00a0:<\/b><\/p>\n<p><span style=\"font-weight: 400;\">Association Hand\u00e9lice<\/span><\/p>\n<p><span style=\"font-weight: 400;\">Association Tous Azimut<\/span><\/p>\n<p><span style=\"font-weight: 400;\">Pintemps culturel\u00a0<\/span><\/p>\n<p><span style=\"font-weight: 400;\">Capep<\/span><\/p>\n<p><span style=\"font-weight: 400;\">ACSRV<\/span><\/p>\n<p><span style=\"font-weight: 400;\">Valenciennes M\u00e9tropole<\/span><\/p>\n<p><span style=\"font-weight: 400;\">Ville d&rsquo;Onnaing<\/span><\/p>\n<p><span style=\"font-weight: 400;\">DRAC<\/span><\/p>\n<p><span style=\"font-weight: 400;\">Mich\u00e8le GREAUM &#8211; S\u00e9natrice<\/span><\/p>\n<p><span style=\"font-weight: 400;\">B\u00e9atrice DESCAMPS &#8211; D\u00e9put\u00e9e<\/span>[\/vc_column_text][\/qode_elements_holder_item][\/qode_elements_holder][\/vc_column][\/vc_row]<\/p>\n<\/section>","protected":false},"excerpt":{"rendered":"<p>[vc_row css_animation=\u00a0\u00bb\u00a0\u00bb row_type=\u00a0\u00bbrow\u00a0\u00bb use_row_as_full_screen_section=\u00a0\u00bbno\u00a0\u00bb type=\u00a0\u00bbgrid\u00a0\u00bb angled_section=\u00a0\u00bbno\u00a0\u00bb text_align=\u00a0\u00bbleft\u00a0\u00bb background_image_as_pattern=\u00a0\u00bbwithout_pattern\u00a0\u00bb z_index=\u00a0\u00bb\u00a0\u00bb padding_top=\u00a0\u00bb135&Prime;][vc_column][qode_elements_holder number_of_columns=\u00a0\u00bbone_column\u00a0\u00bb][qode_elements_holder_item advanced_animations=\u00a0\u00bbno\u00a0\u00bb][vc_column_text] Qu&rsquo;est ce que la Barjo ? [\/vc_column_text][vc_column_text]La brasserie des arts joyeux est un tiers lieu culturel et d&rsquo;insertion situ\u00e9 \u00e0 Onnaing dans la m\u00e9tropole de Valenciennes. Elle s\u2019inscrit dans un projet de requalification&#8230;<\/p>\n","protected":false},"author":1,"featured_media":0,"parent":0,"menu_order":0,"comment_status":"closed","ping_status":"closed","template":"full_width.php","meta":{"_monsterinsights_skip_tracking":false,"_monsterinsights_sitenote_active":false,"_monsterinsights_sitenote_note":"","_monsterinsights_sitenote_category":0,"footnotes":""},"class_list":["post-503","page","type-page","status-publish","hentry"],"acf":[],"_links":{"self":[{"href":"https:\/\/labarjo.com\/index.php\/wp-json\/wp\/v2\/pages\/503","targetHints":{"allow":["GET"]}}],"collection":[{"href":"https:\/\/labarjo.com\/index.php\/wp-json\/wp\/v2\/pages"}],"about":[{"href":"https:\/\/labarjo.com\/index.php\/wp-json\/wp\/v2\/types\/page"}],"author":[{"embeddable":true,"href":"https:\/\/labarjo.com\/index.php\/wp-json\/wp\/v2\/users\/1"}],"replies":[{"embeddable":true,"href":"https:\/\/labarjo.com\/index.php\/wp-json\/wp\/v2\/comments?post=503"}],"version-history":[{"count":26,"href":"https:\/\/labarjo.com\/index.php\/wp-json\/wp\/v2\/pages\/503\/revisions"}],"predecessor-version":[{"id":1153,"href":"https:\/\/labarjo.com\/index.php\/wp-json\/wp\/v2\/pages\/503\/revisions\/1153"}],"wp:attachment":[{"href":"https:\/\/labarjo.com\/index.php\/wp-json\/wp\/v2\/media?parent=503"}],"curies":[{"name":"wp","href":"https:\/\/api.w.org\/{rel}","templated":true}]}}

<section class="wpb-content-wrapper"><p>[vc_row css_animation= » » row_type= »row » use_row_as_full_screen_section= »no » type= »grid » angled_section= »no » text_align= »left » background_image_as_pattern= »without_pattern » z_index= » » padding_top= »135&Prime;][vc_column][qode_elements_holder number_of_columns= »one_column »][qode_elements_holder_item advanced_animations= »no »][vc_column_text]</p>
<h4>Qu&rsquo;est ce que la Barjo ?</h4>
<p>[/vc_column_text][vc_column_text]<span style="font-weight: 400;">La brasserie des arts joyeux est un tiers lieu culturel et d&rsquo;insertion situé à Onnaing dans la métropole de Valenciennes. Elle s’inscrit dans un projet de requalification et de revalorisation de l’ancien site industriel et patrimonial de la brasserie Mochez fermée depuis 1940.</span></p>
<p>&nbsp;</p>
<p><span style="font-weight: 400;">L’association, créée en 2015 sous le nom « L’atelier de l’oncle Zig Zag », est à vocation culturelle et pédagogique (cours, expositions et créations). Elle développe le projet de la Barjo qui vise à consacrer la culture, et notamment la pratique artistique amateur, comme vecteur de redynamisation du territoire : </span></p>
<p>&nbsp;</p>
<p><span style="font-weight: 400;">&#8211; accompagnement à l&rsquo;estime de soi via la pratique artistique amateur</span></p>
<p><span style="font-weight: 400;">&#8211; professionnalisation des pratiques artistiques dans un parcours de réinsertion et de création de nouvelle activité professionnelle</span></p>
<p><span style="font-weight: 400;">&#8211; sensibilisation à l&rsquo;art et à la culture pour créer du lien social et faciliter une plus grande ouverture aux autres et à la diversité</span></p>
<p><span style="font-weight: 400;">&#8211; faciliter les rencontres et les échanges, susciter des entraides et des solidarités notamment autour d’événements à la fois culturels, festifs,et conviviaux</span></p>
<p><span style="font-weight: 400;">&#8211; créations de productions culturelles commercialisables ( spectacles, ?uvres telles que peintures, objets d&rsquo;artisanat etc …)</span></p>
<p><span style="font-weight: 400;">&#8211; création d&#8217;emplois (à terme 19 équivalents temps plein).</span>[/vc_column_text][/qode_elements_holder_item][/qode_elements_holder][/vc_column][/vc_row][vc_row css_animation= » » row_type= »row » use_row_as_full_screen_section= »no » type= »grid » angled_section= »no » text_align= »left » background_image_as_pattern= »without_pattern » z_index= » » css= ».vc_custom_1694166344043{padding-top: 50px !important;padding-bottom: 50px !important;} »][vc_column][qode_elements_holder number_of_columns= »two_columns »][qode_elements_holder_item advanced_animations= »no »][vc_single_image image= »662&Prime; img_size= »full » qode_css_animation= » » css= ».vc_custom_1694166738591{padding-top: 20px !important;padding-right: 60px !important;padding-bottom: 20px !important;padding-left: 20px !important;} »][/qode_elements_holder_item][qode_elements_holder_item advanced_animations= »no »][vc_column_text]<strong>Le site comprendra à terme :</strong></p>
<p>&nbsp;</p>
<ul>
<li style="font-weight: 400;" aria-level="1"><span style="font-weight: 400;">6 habitations à visées sociales dont une collocation séniors et une collocation jeunes artistes</span></li>
<li style="font-weight: 400;" aria-level="1"><span style="font-weight: 400;">2 espaces de cours </span></li>
<li style="font-weight: 400;" aria-level="1"><span style="font-weight: 400;">10 box-ateliers de création artistique en coworking</span></li>
<li style="font-weight: 400;" aria-level="1"><span style="font-weight: 400;">un hall d’exposition permanent, temporaire et d’événementiels </span></li>
<li style="font-weight: 400;" aria-level="1"><span style="font-weight: 400;">un espace boutique pour les élèves des ateliers et les productions des créateurs du co</span><span style="font-weight: 400;"><br />
</span><span style="font-weight: 400;">working </span></li>
<li style="font-weight: 400;" aria-level="1"><span style="font-weight: 400;">une micro brasserie </span></li>
<li style="font-weight: 400;" aria-level="1"><span style="font-weight: 400;">un espace de développement personnel et d’art thérapie</span></li>
<li style="font-weight: 400;" aria-level="1"><span style="font-weight: 400;">une ressourcerie</span></li>
<li style="font-weight: 400;" aria-level="1"><span style="font-weight: 400;">un estaminet à vocation d’insertion pour des salariés en situation de handicap </span></li>
<li style="font-weight: 400;" aria-level="1"><span style="font-weight: 400;">3 ateliers-boutique d’artiste </span></li>
<li style="font-weight: 400;" aria-level="1"><span style="font-weight: 400;">un gîte chambre d’hôtes </span></li>
<li style="font-weight: 400;" aria-level="1"><span style="font-weight: 400;">une salle de séminaires et représentations scéniques</span></li>
</ul>
<p>[/vc_column_text][/qode_elements_holder_item][/qode_elements_holder][/vc_column][/vc_row][vc_row css_animation= » » row_type= »row » use_row_as_full_screen_section= »no » type= »grid » angled_section= »no » text_align= »left » background_image_as_pattern= »without_pattern » z_index= » »][vc_column][qode_elements_holder number_of_columns= »one_column »][qode_elements_holder_item advanced_animations= »no »][vc_column_text]<b>Le projet de la Barjo est soutenu par :</b>[/vc_column_text][/qode_elements_holder_item][/qode_elements_holder][qode_elements_holder number_of_columns= »three_columns »][qode_elements_holder_item advanced_animations= »no »][vc_single_image image= »653&Prime; qode_css_animation= » »][/qode_elements_holder_item][qode_elements_holder_item advanced_animations= »no »][vc_single_image image= »655&Prime; img_size= »200&#215;63&Prime; qode_css_animation= » »][/qode_elements_holder_item][qode_elements_holder_item advanced_animations= »no »][vc_single_image image= »654&Prime; img_size= »200&#215;105&Prime; qode_css_animation= » »][/qode_elements_holder_item][/qode_elements_holder][/vc_column][/vc_row][vc_row css_animation= » » row_type= »row » use_row_as_full_screen_section= »no » type= »grid » angled_section= »no » text_align= »left » background_image_as_pattern= »without_pattern » z_index= » » css= ».vc_custom_1694166949666{padding-top: 50px !important;padding-bottom: 100px !important;} »][vc_column][qode_elements_holder number_of_columns= »one_column »][qode_elements_holder_item advanced_animations= »no »][vc_column_text]<b>Les membres du comité de pilotage sont :</b></p>
<p><span style="font-weight: 400;">Association Handélice</span></p>
<p><span style="font-weight: 400;">Association Tous Azimut</span></p>
<p><span style="font-weight: 400;">Pintemps culturel </span></p>
<p><span style="font-weight: 400;">Capep</span></p>
<p><span style="font-weight: 400;">ACSRV</span></p>
<p><span style="font-weight: 400;">Valenciennes Métropole</span></p>
<p><span style="font-weight: 400;">Ville d&rsquo;Onnaing</span></p>
<p><span style="font-weight: 400;">DRAC</span></p>
<p><span style="font-weight: 400;">Michèle GREAUM &#8211; Sénatrice</span></p>
<p><span style="font-weight: 400;">Béatrice DESCAMPS &#8211; Députée</span>[/vc_column_text][/qode_elements_holder_item][/qode_elements_holder][/vc_column][/vc_row]</p>
</section>

<p>[vc_row css_animation= » » row_type= »row » use_row_as_full_screen_section= »no » type= »grid » angled_section= »no » text_align= »left » background_image_as_pattern= »without_pattern » z_index= » » padding_top= »135&Prime;][vc_column][qode_elements_holder number_of_columns= »one_column »][qode_elements_holder_item advanced_animations= »no »][vc_column_text] Qu&rsquo;est ce que la Barjo ? [/vc_column_text][vc_column_text]La brasserie des arts joyeux est un tiers lieu culturel et d&rsquo;insertion situé à Onnaing dans la métropole de Valenciennes. Elle s’inscrit dans un projet de requalification&#8230;</p>
